ose 45*k + o = 46*k. What is the hundreds digit of k?
4
What is the units digit of 0 - -1 - -1 - (-8897 - 543)?
2
Let t = -377 - -380. What is the hundreds digit of (t - -2281)/(-4)*(9 - 10)?
5
Let h(i) be the third derivative of i**5/10 - i**4/12 + 25*i**3/6 - 59*i**2. What is the hundreds digit of h(-5)?
1
Let i(r) = -697*r + 354. What is the tens digit of i(-40)?
3
Suppose 6*x + 51 = 183. What is the hundreds digit of 718/(-4)*(8 - x - -12)?
3
Suppose 5*f - 3912 = -4*z, -4*f + 3912 = 4*z - 6*f. Let b = z - 400. What is the hundreds digit of b?
5
Suppose 144*j + 4154478 = -226*j + 17384198. What is the hundreds digit of j?
7
Suppose b - 2*j = 18977 - 6397, 15 = -3*j. What is the ten thousands digit of b?
1
Let w be (1 - 12/4) + 32. Let b = w - 20. What is the units digit of 1 + b + -22 + 21?
0
Suppose 9*i - 683 = -3707. Let l be (2/4)/((-8)/i). Suppose q + z - 135 = -4*q, l = q - z. What is the tens digit of q?
2
Let j(h) = -2*h**3 + 73*h + 77*h - 161*h - 8*h**2 + 17. What is the tens digit of j(-8)?
1
Suppose 0 = 5*z + s + s - 590, 121 = z + s. Suppose 2*y = 4*r + 330, -52 - z = -y + 5*r. Suppose 559 = 4*j + y. What is the tens digit of j?
9
Let j = -48921 - -71408. What is the hundreds digit of j?
4
Let k = -548 - -805. Suppose -x - k = -1143. What is the tens digit of x?
8
Suppose -5*p = -c - 47, c + 70 - 17 = -p. Let z = 88 + c. Suppose 0 = -34*k + z*k - 262. What is the hundreds digit of k?
1
Suppose -24*g + 31*g = 0. Suppose -4*m - 592 = -5*w + 4*w, 5*w - 2*m - 2942 = g. What is the hundreds digit of w?
5
Let d = 629 - -2003. What is the thousands digit of d?
2
Let o be (-3)/((-4)/26 - (-9338)/57148). Let c = o - -2. Let f = -146 - c. What is the hundreds digit of f?
1
Suppose 5*c = 2*k + 80860, 5*c = -4*k - 15122 + 95952. What is the hundreds digit of c?
1
Let f = -6587 + 10207. What is the tens digit of f?
2
Let d(y) = 29805*y**2 - 133*y + 3. What is the ten thousands digit of d(1)?
2
Suppose -50354 = -2*j - 5*n, 5*j - 22012 = -5*n + 103918. What is the ten thousands digit of j?
2
Let c(v) = 5*v + 25. Let k(w) = -19*w - 101. Let i(z) = -9*c(z) - 2*k(z). Let x be i(-4). Suppose -9*o = -x*o - 12. What is the units digit of o?
3
What is the tens digit of 9000/6*(-756)/(-112)?
2
Let k(s) = -s**2 + 4*s + 14. Suppose 6*b - 18 = 3*b. Let z be k(b). What is the tens digit of ((-1)/z)/((-9)/2160)?
2
What is the tens digit of 997029/162 - (-2)/4?
5
Suppose 7*l + 4*u - 84 = 2*l, l + 5*u - 21 = 0. Suppose -2*x + 3098 = -4*w, x + l*w = 20*w + 1541. What is the tens digit of x?
5
Suppose 38*u + 1260 = 32*u. Let p = u + 601. What is the tens digit of p?
9
Suppose 746*f - 749*f - 90886 = -2*p, -227187 = -5*p + 4*f. What is the thousands digit of p?
5
What is the tens digit of (10/(-20)*188)/(8/(-540))?
4
Let b = 85725 + -60523. What is the hundreds digit of b?
2
Let u = 16594 + -5863. Suppose -26*b = -5*b - u. What is the hundreds digit of b?
5
Let s(w) = -w**2 - 7*w + 11. Let f be s(-8). Suppose -f*j = 4*b - 0*j + 91, 2*j - 86 = 4*b. Let t = b - -31. What is the units digit of t?
9
Let m(y) be the first derivative of 1/2*y**2 - 1/4*y**4 - 7/3*y**3 - 9*y + 1. What is the units digit of m(-8)?
7
Let l be (-30)/130*-13*-1. Suppose -2*f = -n - 578, 0 = -5*f - 0*f + 3*n + 1446. What is the units digit of (l/(-9))/((-285)/f + 1)?
2
Suppose -133 = 5*c - 1463. Let l = -45 + c. What is the tens digit of l?
2
Let m(g) = 6098*g + 49. What is the hundreds digit of m(3)?
3
Let k = -8602 - -18678. What is the thousands digit of k?
0
Let r(b) = 60 + 23 + 16 - 30 + 7*b + 28*b**2. What is the thousands digit of r(-8)?
1
What is the tens digit of ((-44)/(-110))/(-5 - 22302/(-4460))?
9
Let b = -1725 + 2215. What is the units digit of b?
0
Let l = -163 + 193. Suppose -l*v + 1584 = -21*v. What is the units digit of v?
6
Let a(j) = -j**3 + 5*j**2 + 2*j - 2. Let g be (17 - 12)*((-9)/5 - -1). Let d(q) = -3*q**2 - q + 1. Let p(y) = g*a(y) - 7*d(y). What is the tens digit of p(4)?
6
Let y(w) = 4*w**2 + 10*w + 14. Suppose -24 = -0*f - 3*f - 3*k, 4*f - 23 = -k. Suppose -5*i = -f*h + 60, 23 = -3*i + h - 3. What is the hundreds digit of y(i)?
1
Suppose 3*l - 5410 = -5*t, -2*t + 5411 = 3*l + 2*t. Suppose l*n = 1815*n - 11810. What is the units digit of n?
1
Let j(w) = 1387*w**3 + 32*w**2 - 69*w + 3. What is the units digit of j(2)?
9
Let k(x) = 8*x + 15. Let a be k(-8). Let w = a + 47. What is the hundreds digit of 114*(1 + w + 2)?
1
What is the hundreds digit of ((-6)/(-14) + 60/(-42))*3539/(-1)?
5
Suppose -2*p - 18 = 16. Let u be (-5)/(-10)*534/(4 + -1). Let d = p + u. What is the units digit of d?
2
Let i(u) = 59*u + 1986. What is the units digit of i(20)?
6
Let w(j) = -5*j**3 + 3*j**2 + 41*j + 216. What is the thousands digit of w(-15)?
7
Let t be 1/(5*(-2)/1140) + -4. Let p = -158 + -39. Let u = t - p. What is the tens digit of u?
7
Let q(c) = -c**2 - 11*c + 21. Let a be q(4). Let z = 361 - a. What is the tens digit of z?
0
What is the units digit of ((-352)/12)/(6/(-324) - 0)?
4
Suppose 9*n = 21*n + 120. Let i(p) = -p**2 - 15*p - 30. What is the units digit of i(n)?
0
Suppose 0*v + 55 = -11*v. What is the hundreds digit of v - 7/(14/(-606))?
2
Suppose 1326 = -5*b + 3*j, 3*b - 3*j + 6*j + 786 = 0. Let p = b - -178. Let v = -41 - p. What is the units digit of v?
5
Let r(m) = 155*m**2 + 8*m - 7. Let d be r(5). Suppose 0 = -4*s + 2*z + 3350 + d, -5*s + 9100 = 3*z. What is the tens digit of s?
1
Let o(z) be the third derivative of 41*z**4/24 + 73*z**3/2 - z**2 + 7. What is the hundreds digit of o(12)?
7
Suppose 77*c - 73*c - 1804 = 0. Let f = 754 - c. What is the units digit of f?
3
Let x be (-4)/(-6) - 5/(45/6). Suppose x = -3*l + 4*i + 1 + 5, -3*i = -5*l - 1. Let c(a) = 9*a**2 + 3*a + 5. What is the tens digit of c(l)?
3
Let n(x) be the third derivative of -7/2*x**3 + 0*x + 9/8*x**4 - 1/60*x**5 + 11*x**2 + 0. What is the tens digit of n(13)?
6
Suppose 104 + 120 = -7*j. Let w = -32 - j. Suppose w = -11*o + 1678 - 72. What is the hundreds digit of o?
1
Suppose 3*w + 11 = -16. Let i = w - -5. What is the units digit of 8/(4 - (-14)/i)?
6
Let u = -73 - -84. Suppose 622 + 2425 = u*d. Let b = d - 79. What is the tens digit of b?
9
Let o = -58171 - -85980. What is the thousands digit of o?
7
Suppose 0 = 4*u - p - 8940, 0 = 12*u - 16*u + 3*p + 8948. What is the units digit of u?
4
Let j(b) = 359*b**3 - 50*b**2 - 17*b + 187. What is the ten thousands digit of j(6)?
7
Suppose 3*k - 2*g = 3*g + 420, 700 = 5*k + 4*g. Suppose -k = -4*i - 40. Let v = i - -50. What is the tens digit of v?
7
Let u be 2/8 - 301/(-28) - 3. What is the tens digit of -4*(37 + 2)*u/(-4)?
1
Suppose -3*x + 5*j = 2*x - 80, 4*x = 2*j + 64. What is the hundreds digit of (-8 + 124/x)/((-1)/5108)?
2
Suppose b - 24590 = -2*r, -5*b - 145*r + 123006 = -142*r. What is the tens digit of b?
0
Let a(x) = -x + 1. Let i(y) = 2*y**2 - 2*y - 2. Let r(d) = -3*a(d) - i(d). Let h be r(2). What is the hundreds digit of (37*(-2)/(-4))/(h/6)?
1
Let g(n) = -n**2 - 50*n - 363. Let v be g(-9). What is the units digit of (-1)/(v/(-4))*678?
2
Suppose -28*j + 128 = -26*j. Suppose j*d + 6 = 66*d. Suppose d*x + t - 441 = 6*t, 0 = -5*t. What is the tens digit of x?
4
Suppose 5*k + 2210 = 3*j, 2*k = j + 286 - 1024. Let v = j + 189. What is the tens digit of v?
1
Let n(m) = -59*m - 66. Let w(x) = 29*x + 33. Let r(y) = -2*n(y) - 5*w(y). Let p(d) = 6*d + 41. Let o be p(-8). What is the hundreds digit of r(o)?
1
Let d(m) = m. Let i(c) be the second derivative of -9*c**3/2 - 12*c**2 - 9*c. Let k(y) = 5*d(y) + i(y). What is the tens digit of k(-5)?
8
Let r(c) = -c**3 + 14*c**2 + 24*c - 19. Let v be r(16). Let o = v + 532. What is the units digit of o?
5
Suppose 3*z + 51252 = 4*w, 17*z + 51256 = 4*w + 15*z. What is the hundreds digit of w?
8
Let w(y) = 63*y**2 + 54*y - 190. What is the units digit of w(12)?
0
Let i be 1256/157 - (-16)/6*-12. Let z(t) = -6*t + 5. Let s be z(-4). Let j = s - i. What is the tens digit of j?
5
Suppose -951 = -4*s - 5*h, -7*s = -2*s - h - 1167. Let b = 1165 - 1162. Suppose -b*n = -9*n + s. What is the units digit of n?
9
Suppose -2*q = -114*w + 119*w - 47397, 2*w = -4*q + 94786. What is the ten thousands digit of q?
2
Let h = 52 - 86. Let j(l) = -134*l**3 - l**2 - 9*l - 9. Let c be j(-1). Let s = c + h. What is the unit